te?
False
Suppose 0 = -3*j + 5*w - 0 - 2, -j + 4 = -4*w. Let p(m) = 2*m**2 + 2*m - 2. Is p(j) composite?
True
Suppose 0 = 3*p + 5*s - 242, 0 = 4*p - 2*s - 0*s - 288. Is p a composite number?
True
Suppose -t - 5*m = 2*t + 28, -4*m - 17 = -3*t. Suppose 3*j - 5*j + 4 = 0. Is (j/t)/((-2)/37) prime?
True
Let p(j) = 1523*j + 1. Let v be p(1). Is (3/6)/(3/v) a prime number?
False
Let k = -52 + 309. Is k a prime number?
True
Let t = 5 - 2. Is -164*(-1 - t/(-6)) composite?
True
Suppose 3*a + 2*a = 60. Suppose 12 = -0*c + 2*c. Let y = a - c. Is y prime?
False
Let j(n) be the third derivative of -13*n**4/6 + n**3/6 - n**2. Is j(-1) a composite number?
False
Let m = -12 + 8. Let p(u) = 1 + 1 + 6*u + 3*u**2 - 1. Is p(m) a prime number?
False
Let p(g) = 602*g + 2. Let r be p(-1). Let s = -259 - r. Is s a composite number?
True
Let h be -102 - (-3)/2*-2. Let g = h - -184. Is g a composite number?
False
Let v = 473 + 250. Suppose v = 5*x - 4*w, x - 3*w - 292 = -x. Is x a prime number?
False
Let f = -10 + 6. Let v = 7 + f. Suppose 48 = v*b - 27. Is b composite?
True
Suppose z + 418 = a, -4*z + 842 = -a + 3*a. Is a a composite number?
False
Let h(a) = 201*a**2 - a + 3. Is h(-2) a prime number?
True
Let f(a) = -28*a + 1. Is f(-4) composite?
False
Suppose 4*a - a = 1245. Is a prime?
False
Let n = -3019 - -5600. Is n prime?
False
Let t(x) = 201*x**2 + x + 2. Let n be t(-2). Suppose 2*u - 601 = -3*f + 4*u, -4*f + 2*u = -n. Is f composite?
True
Let g(z) be the third derivative of 53*z**5/60 - z**4/6 - z**3/2 + 2*z**2. Let w(d) = -d**2 + 2*d + 1. Let o be w(3). Is g(o) composite?
True
Suppose 4*u - 6 = 3*u. Is (-3)/u - 1167/(-6) a prime number?
False
Suppose -2*r - 6 = 0, 2*g = 2*r - 0*r + 10. Let l(z) = -8*z**3 + z - 1. Let s(b) = -b**3 + b**2 + b - 1. Let f(a) = -l(a) + 2*s(a). Is f(g) a prime number?
False
Suppose 8*t - 459 = 17101. Is t a composite number?
True
Let f = -13 - -13. Suppose -3*x + n + 263 = 0, 4*x - 348 = -f*x + 2*n. Is x composite?
False
Let u be (2/3)/((-6)/(-2061)). Let t = -71 + u. Suppose 2*c - t = -0*c. Is c prime?
True
Let v(i) = 2*i**3 - 3*i**2 + 5*i + 5. Suppose 3*w + 459 = -4*y, 0*w + 2*w - 101 = y. Let t be (-8)/28 + y/(-21). Is v(t) a prime number?
False
Let m be (-5)/(-3) - (-2)/(-3). Let u(t) = 25*t + 1. Let y be u(m). Let r = y - 15. Is r composite?
False
Let i(m) = -38*m + 13. Is i(-15) a composite number?
True
Suppose 3*s = 2*l - 34, 0 = 5*l + 1 + 4. Is (-3)/9 + (-3520)/s a composite number?
False
Let o(d) = 110*d + 2. Let v be o(1). Let a(m) = 41*m - 3. Let z be a(4). Let y = z - v. Is y composite?
True
Let d(p) = p**3 - 7*p**2 - p + 9. Let o be d(7). Suppose -n = o*n - 18. Let h = n + -3. Is h composite?
False
Suppose -m + 65 + 32 = 0. Is m a prime number?
True
Suppose 4*t + t + 25 = 0, -5*h - 2*t - 20 = 0. Let l be (-9)/3 + 3 + h. Is (l/3)/((-2)/75) composite?
True
Let z = -274 - -675. Is z composite?
False
Suppose -g - 2*p + 5*p + 12 = 0, 3*g + 5*p = 22. Let u = 1 + g. Is u composite?
True
Let v be 3/1 + (-4 - -5). Let o be 1249/v + 3/4. Let g = o + -186. Is g prime?
True
Suppose -4*g - g = -c + 677, -657 = -c - 5*g. Is c composite?
True
Let u be 7/(-21) - 16/(-3). Suppose -2*z + 5 = -u. Suppose -60 - 5 = -z*o. Is o prime?
True
Is 1657 + -2 + (-8)/(-4) a prime number?
True
Let l(p) = p**2 - 4*p + 4. Let t be l(4). Suppose t*a - 184 = 3*j, 0 = 5*j - 2*j. Is a a composite number?
True
Suppose 22*i - 21*i = 1381. Is i composite?
False
Let q(g) = -g**3 + 3*g - 3. Let v = -5 - -2. Is q(v) a prime number?
False
Let u(b) = -b**3 - 9*b**2 - 3*b + 2. Let r be u(-9). Let g = 22 + r. Is g prime?
False
Suppose 2*o - 1867 = -5*m - 80, 3*m + 3*o - 1065 = 0. Is m a composite number?
False
Let f = 110 + -67. Is f/2 + 2/(-4) composite?
True
Let d = 8 - -14. Suppose b + w = -2*w + d, 2*b - w - 44 = 0. Suppose -80 = -3*j + b. Is j prime?
False
Let u(d) = -d**3 + 8*d**2 - 2*d - 6. Is u(5) a composite number?
False
Let l = 1452 - 925. Is l a composite number?
True
Suppose -u - 41 = 63. Suppose 2*i + 365 = -t, -i - 2*t = -4*i - 551. Let h = u - i. Is h a composite number?
False
Suppose -4*s + 0*f - f = -276, 5*s - 345 = 2*f. Suppose 0 = 3*y - 852 - s. Is y prime?
True
Let q(i) = 193*i**2 - 3*i + 7. Is q(6) prime?
False
Let p = 1 - 116. Let g be (8/3)/(4/246). Let y = g + p. Is y prime?
False
Let d = -21 - -14. Is (-3 - -13)/((-2)/d) prime?
False
Suppose -x - 280 = 187. Suppose 12 = r - 4*r. Is (6 + r)/((-2)/x) prime?
True
Let h(x) = 1 - 3*x - 3 - x**2 + 9*x. Let u be h(6). Is u*314/(-8)*2 a prime number?
True
Suppose -2*v + 5 = -11. Suppose h - 3*h + v = 0. Is 2/(-4) - (-198)/h composite?
True
Let d(b) be the first derivative of -7*b**5/60 - 5*b**4/24 + b**3 - 1. Let x(v) be the third derivative of d(v). Is x(-5) prime?
False
Let u be ((-10)/25)/(1/(-10)). Suppose -720 = -u*p - 92. Is p a composite number?
False
Suppose -10 = -3*d - 2*d. Suppose 4*k - 4*y - 1021 = 151, d*k - 582 = 4*y. Is k a prime number?
False
Is (-281550)/(-330) - (-4)/(-22) a composite number?
False
Suppose 11 = 3*c + 3*t - 13, 0 = 5*c - t - 10. Let n = 7 - c. Suppose -n*r + v + 198 = 2*v, 2*r - 94 = 2*v. Is r a prime number?
False
Let x = 267 - 76. Is x a prime number?
True
Let a = 101 + 48. Is a prime?
True
Let f = 8 - 6. Let b = -2 + f. Suppose 2*r + 2*d = -r + 93, -4*r + d + 135 = b. Is r prime?
False
Is (-30816)/(-21) + 3 + 20/35 composite?
False
Let l(n) = -2*n**3 - 4*n**2 - n + 4. Is l(-6) composite?
True
Is 45*17 - 14/7 a prime number?
False
Suppose n - 1095 = -2*n. Is n composite?
True
Let r = -8295 - -11710. Is r a prime number?
False
Suppose p = 6*d - 4*d + 8, -3*p - d + 3 = 0. Suppose 440 = p*n + 158. Is n prime?
False
Suppose 3*c = 5*c. Let h(w) = -w + 31. Is h(c) prime?
True
Suppose -3*d = -2 - 4. Suppose -i + 4*r = -42, 79 - 7 = 2*i - d*r. Is i composite?
True
Let h(f) = -f + 1. Let o be h(-1). Is (2/(-4))/(o/(-60)) composite?
True
Suppose -2*n + 723 = -955. Is n composite?
False
Let h(n) = -3*n**3 - 5*n**2 + 4*n + 5. Is h(-6) composite?
False
Suppose j = -d + 128, -3*d + j + 0*j + 380 = 0. Is d a composite number?
False
Is -2*(-4)/8 - -256 a composite number?
False
Suppose 2*m + 3*m = 5*i - 1485, 0 = m - 4. Is i a prime number?
False
Let j = 444 + -145. Is j composite?
True
Suppose -10*f = -11*f + 4. Suppose -4*u + 4*k + 488 = 0, 140 - 663 = -f*u - 3*k. Is u a prime number?
True
Let o be ((-159)/6)/(2/(-4)). Is (o + -7)/((-4)/(-26)) a composite number?
True
Let a(p) = -167*p. Is a(-3) composite?
True
Suppose 72 = 5*l - 68. Suppose 3*p - 2*p = 0. Suppose -4*n + 0*n + l = p. Is n composite?
False
Let b = -6 - -9. Suppose -h + 3*h + b*u - 151 = 0, 0 = 3*h + u - 237. Suppose 0 = 4*o + z - 150, 2*z + z = -2*o + h. Is o a prime number?
True
Suppose 0*t - 5*t - 30 = 0. Let v(c) = c**2 - c + 4. Is v(t) a composite number?
True
Let w(x) = -x + 20 + 2*x + 36 + 21. Is w(0) composite?
True
Let q(z) = -21*z - 1. Let o be q(-2). Suppose 5*p - 9 = o. Is p a composite number?
True
Let t(a) = 2*a - 3*a - 5*a**2 + 1 + 4*a**2 + a**3. Let f be t(1). Suppose f = -2*w + 4*w + 3*s - 14, 3*s + 46 = 4*w. Is w composite?
True
Let o(d) be the second derivative of d**4/4 - d**3/2 - 5*d**2/2 + 3*d. Is o(-4) a prime number?
False
Let u(v) = -v**2 + 61. Let g be u(0). Suppose 5*d - 136 = 3*d + f, -g = -d + 4*f. Is d a prime number?
False
Let f(v) = 9*v**3 + 7*v**2 - 6*v + 12. Let w(y) = -3*y**3 - 2*y**2 + 2*y - 4. Let n(t) = -4*f(t) - 11*w(t). Is n(-5) composite?
False
Suppose -6*o + 18673 = 4099. Is o a composite number?
True
Let x(q) = -q**3 + 2*q**2 + 3*q - 1. Is x(-3) a prime number?
False
Let q(r) = 10*r**2 - r + 1. Let z be q(1). Is (-4)/z - 1385/(-25) a prime number?
False
Let l(h) = -3*h + 3. Let r(n) = -n. Let z(v) = l(v) - 4*r(v). Let k be z(0). Suppose 2*j - 166 = 4*s, 4*s - 229 = -k*j - 0*s. Is j prime?
True
Let o = 2 + 1. Let x = o + -2. Is 79 + ((-1)/1 - x) prime?
False
Suppose -3*k + 1362 + 3276 = 3*y, 2*k - 7715 = -5*y. Is y prime?
False
Suppose 4*q + 0*q = -24. Is 166/3*q/(-4) a composite number?
False
Let b(f) = -f**3 - 2*f**2 - 4. Let o be b(-3). Suppose o*l + 254 = 2*p + l, -5*p - 5*l = -635. Is p composite?
False
Suppose 21*b - 26*b = -2355. Is b prime?
False
Suppose -75 = -p - 20. Is p a composite number?
True
Suppose 0 = 5*o - 417 - 83. Is o/3 - (-12)/18 prime?
False